 g = l*s - s. Let p(u) = -2*u**2 + 3*u - 1. Determine p(s).
-3
Let f(c) = -3*c - 10 + 2*c - 6*c + 2*c + 8. Give f(-4).
18
Let v(m) = -2*m**2 + m + 1. Let d be (1 - 1)/(5 - (6 + -2)). Let c be 32/(-40) - (d + 1/5). Calculate v(c).
-2
Suppose 3*h + 3*v = -6, 2*v - 5 = 2*h + 11. Let b(u) be the third derivative of -u**4/24 - u**3 - 3*u**2. What is b(h)?
-1
Let j(u) = 11 - u**2 - 3 - 27*u + 44*u - 18*u. Determine j(6).
-34
Let b(z) be the third derivative of z**6/120 + 13*z**5/60 + 13*z**4/24 - 480*z**2. Calculate b(-12).
-12
Let p(x) be the first derivative of -x**3/3 - 11*x - 29. Suppose -5*i = -10, -4*l + 5*i - 3 = 7. Give p(l).
-11
Let c(z) be the second derivative of -z**4/12 - 3*z**3/2 + 35*z**2/2 - 7*z - 17. Determine c(-11).
13
Let i be (-1455)/(-135) - (-4)/18. Let r(p) = i*p - 12*p + p**2 + 5 - 1. Calculate r(0).
4
Let w(k) = -14*k**3 - 5*k**2 + 4*k - 3. Let a(q) = 13*q**3 + 4*q**2 - 3*q + 2. Let h(x) = -4*a(x) - 3*w(x). Determine h(-1).
10
Let u(c) = c - 13. Let v = 363 + -230. Suppose 4*r = -85 + v. Calculate u(r).
-1
Let b(k) = k**3 - 5*k**2 + 6*k - 4. Let y be b(4). Suppose 5*z - y = 3*z. Let c(f) = 3*f + f**2 - 8 + 6*f**2 + f**3 + z*f. Determine c(-6).
-2
Let w(x) = x**3 - 5*x**2 + 4. Let d(k) = -3*k**2 + 14*k - 9. Let l(j) = 2*j**2 - 7*j + 5. Let r(c) = 3*d(c) + 5*l(c). Let m be r(-7). Let p = m - -7. Give w(p).
4
Let b = -130 - -125. Let k(v) = -v + 2. Determine k(b).
7
Let j(v) = 2*v**3 + 2*v**2 + v. Let l(m) = 11*m**3 + 16*m**2 - m + 10. Let n(q) = 6*j(q) - l(q). Give n(3).
2
Let y(w) = -13 - 2*w**3 - 6*w + 2*w**2 - 6*w**2 + 29 + 3 - 13*w**2. Calculate y(-8).
3
Let s(d) = 3 + 10*d + 7 - 2*d - 7. Give s(-1).
-5
Let s(n) be the second derivative of -n**5/20 - n**4/2 - 5*n**3/6 - 3*n**2/2 + 294*n. Determine s(-5).
-3
Let r = -13 - -6. Let z(i) = i**2 - 86*i + 49*i - 10 + 42*i. Give z(r).
4
Suppose t - 7 + 2 = 0. Suppose t = -i + 6*i. Let b(l) = 0*l - 3*l**2 + i + 0*l - l**2 - 2*l. What is b(1)?
-5
Let r(f) = -f - 28. Let y be r(-32). Let v(x) = 4 - y*x + 0 + x**2 + 0*x - 7*x. Calculate v(10).
-6
Let j = -4 + 2. Let b be ((-16)/(-20))/((-8)/(-20)). Let d = j + b. Let c(s) = -s**3 - s**2 - s + 1. Determine c(d).
1
Let u(c) = -7*c - 9*c**2 - 2 + 5*c**2 + 5*c**2 + 6. What is u(4)?
-8
Let h(o) = -17*o**3 - 4*o**2 + 3*o + 4. Let u(c) = 38*c**3 + 10*c**2 - 7*c - 8. Let f(l) = -9*h(l) - 4*u(l). Determine f(4).
0
Let f = -50 - -58. Let b(z) = 2*z - 1. Let k be b(3). Let i = f - k. Let r(y) = -y**2 + 2*y + 3. Give r(i).
0
Suppose 0*v - 8 = 3*v - 5*d, -3*d = 3*v + 24. Let t(l) = -l**3 - 6*l**2 + 2*l - 5. Calculate t(v).
-17
Let x(d) be the first derivative of -d**2/2 - 1. What is x(-6)?
6
Let h(a) be the third derivative of a**5/60 + a**4/4 - a**3/3 + 7*a**2. Give h(-6).
-2
Let i(d) = -5*d - 4. Let r(l) = l + 1. Let m(u) = -6*i(u) - 26*r(u). Determine m(2).
6
Let d(j) = 3*j**3 + 20*j**2 - 3*j + 21. Let a(n) = -2*n**3 - 13*n**2 + 2*n - 14. Let g(k) = -8*a(k) - 5*d(k). Determine g(-5).
-13
Let l(s) be the first derivative of 3/2*s**2 - 2*s**3 + 1/4*s**4 - 8 - 2*s. Calculate l(5).
-12
Let k = -4 + -2. Let b(i) be the second derivative of 0 - 2*i**2 - 5/6*i**3 - 1/20*i**5 - 55*i - 7/12*i**4. What is b(k)?
-10
Let w be (36/(-14))/((-48)/21 - -2). Let x(l) = 3*l + 7. What is x(w)?
34
Let g(m) = -46*m + 41*m - 3 + 2 + m**2. What is g(5)?
-1
Suppose -4*r + 5*h - 23 = 0, -2*h - 30 - 7 = 5*r. Let j(g) = -g**3 - 7*g**2 + g + 8. What is j(r)?
1
Let l(m) = -1. Let z(k) = k - 1. Let c(a) = l(a) + 5*z(a). What is c(5)?
19
Let o(j) be the third derivative of j**4/4 - j**3 - 10*j**2. Let y(w) = 5*w - 5. Let g(r) = 4*o(r) - 5*y(r). Calculate g(0).
1
Suppose 2*t - 7*t = 0. Let z(a) = 5 + t*a - 3*a - 13. Let g be z(-5). Let h(o) = -o**3 + 6*o**2 + 8*o - 4. Calculate h(g).
3
Suppose 5*o - 3*a + 29 = 0, -a + 2*a = -5*o - 37. Let q be (-24)/(-7) - 39/91. Let d(h) = -q - 7 - h + 3 - h. Calculate d(o).
7
Let h(d) = 0 + 0 + 6 - 2 - 13*d. Let a(s) = -1 - 3*s + 1 + 1. Let x(f) = -9*a(f) + 2*h(f). What is x(3)?
2
Let a(r) = -2*r**2 - 3 + 14*r - 1 - 8*r. Let g be a(2). Let u(i) = -i**3 + i - 7. Calculate u(g).
-7
Let m = -8 + 11. Let l(n) = n**3 - 3*n**2 + 8*n. Let h(u) = 3*u**3 - 9*u**2 + 22*u + 1. Let z(k) = -4*h(k) + 11*l(k). What is z(m)?
-4
Let o(g) = g**3 + 7*g**2 + 3*g + 10. Let z be 34 + (-2)/(-10)*5. Let u be -4 - -3*z/15. Suppose -5*l - 31 = -4*y + 6*y, 5*l = u*y - 41. What is o(l)?
-11
Let q(z) = -3*z - 21. Suppose 3*w + 7*m = 3*m - 47, -2*m = -w + 1. What is q(w)?
6
Suppose 0 = -3*g, -5*k + 4*k + 4 = 2*g. Suppose c = -k*c + 15. Let y(p) = -3 + c*p - 2*p + 7 + 0. Calculate y(-6).
-2
Let d = 86 - 86. Let a be (-2)/6 - 32/(-6). Let f(z) = a*z**2 - 3*z**2 + z - 3*z**2 + 1 - 3. Determine f(d).
-2
Let j(y) = y**3 - 3*y**2 - 4*y + 2. Let s be j(4). Let m(w) = -6 - 18*w + 2 + 15*w + 3 - 5*w**s - 2*w**3. What is m(-3)?
17
Let v(u) = u**2 + 2*u. Let i(a) = -4*a**2 - 22*a + 4. Let y(r) = -i(r) - 6*v(r). Determine y(5).
-4
Let n(x) = -6*x - 5 - x + 2*x. Let q(p) = 14*p + 13. Let v(r) = -12*r - 11. Let w(y) = 3*q(y) + 4*v(y). Let z(k) = 5*n(k) - 4*w(k). Give z(-4).
-1
Let y(c) = -6*c + 41. Let b be y(6). Let f(s) = -4 + b*s - 1 - 2. Calculate f(7).
28
Let m(c) = 4*c + 23 + 10 + 8 + 1 - 69. Give m(5).
-7
Let z be 350/75*(-30)/(-7). Let w = -15 + z. Let n(a) = a**2 - a. Give n(w).
20
Suppose 2*c = 3*i + 14, -4*c + 0*c = 5*i + 60. Let w(k) = k**3 + 8*k**2 - 2*k - 10. Give w(i).
6
Let f(a) = a**2 - 4*a + 4. Let y be (-70)/(-21)*6/4. Determine f(y).
9
Let i = 103 - 101. Suppose -6 = -2*q - 0. Let d(b) = -2*b - b**q + 7*b**2 - i*b - 5*b**2 + 2. Give d(2).
-6
Suppose -b + 28 = 25. Let a(p) be the second derivative of -5*p + 1/2*p**2 + 0 - 1/2*p**4 - 1/6*p**b. Determine a(1).
-6
Let n(i) = -i**3 + 5*i**2 - 5*i - 1. Let s(c) = -c**3 + 4*c**2 - 4*c - 1. Let d(t) = -6*n(t) + 7*s(t). What is d(-3)?
2
Let p = 58 + -54. Let r(f) = -f**2 + 1. Calculate r(p).
-15
Let w(b) = 3*b**2 + 9. Let s(x) = 7 - 9*x**2 - 2*x**2 - 2*x**2 - 44. Let d(r) = -2*s(r) - 9*w(r). Determine d(0).
-7
Let d be (-1)/(-4) + (-275)/44 - 2. Let a(u) = u**3 + 7*u**2 - 8*u + 9. Determine a(d).
9
Let l(y) = 8*y**2 - 2*y - 6. Let s(a) = 9*a**2 - 2*a - 5. Let f(w) = -4*l(w) + 5*s(w). Suppose -25 = 5*g, -3*p - 37 + 29 = g. Calculate f(p).
14
Let l(b) = 8*b**3 - 4*b**2 - 7*b - 6. Let k(n) = -n**2 - n - 1. Let g(v) = -v**2 - 3*v - 3. Let t be g(-1). Let y(s) = t*l(s) + 6*k(s). Give y(1).
-9
Let n(v) be the first derivative of -v**6/180 - v**5/40 + 5*v**4/24 + 29*v**3/3 + 35. Let w(p) be the third derivative of n(p). What is w(-4)?
-15
Let x(k) = 7*k + 2. Let j = -152 + 150. Determine x(j).
-12
Let q(f) be the second derivative of -f**6/120 + f**5/24 - f**4/12 - 7*f**3/6 - 6*f. Let i(r) be the second derivative of q(r). Determine i(3).
-14
Let l = -4170 - -4165. Let u(t) = 5*t + 2*t**2 - 5*t**2 - t**2 - t**3 + 3. Calculate u(l).
3
Suppose 0 = -2*d - 4*z - 6, 4*d + 0*z - 12 = 4*z. Let j(r) = -3*r**2 - d - 3 + 6*r + 9*r**2 + 5 + r**3. Give j(-5).
-4
Let p(d) be the first derivative of -d**6/120 - 7*d**5/60 - d**4/4 - 7*d**3/6 - 41*d**2/2 + 27. Let j(n) be the second derivative of p(n). Give j(-6).
-7
Let x(s) be the second derivative of 48*s + 0 + 0*s**3 - 1/2*s**2 + 3/4*s**4. Determine x(1).
8
Let g(h) be the first derivative of -h**3/3 + h**2/2 - 2*h + 100. What is g(3)?
-8
Let s be 5/(((-3)/6)/(-1)*(-57 - -55)). Let i(q) = -q**3. Let m(f) = -3*f**3 + 4*f**2 - 6*f + 3. Let p(l) = -4*i(l) + m(l). Calculate p(s).
8
Let z(d) be the third derivative of d**5/60 + 5*d**4/12 - 7*d**3 + d**2 + 14*d. Determine z(-13).
-3
Let j(f) = -2*f**3 + 5*f**3 - 12*f + f**2 + 11*f. Let b(w) = -w**2 - 15*w - 7. Let u be b(-13). Suppose 4 = u*x - 15*x. Determine j(x).
3
Let a(k) = 4*k + k**2 - 8*k - 1 - 4*k + 3 + 5. Determine a(7).
0
Let b(l) be the third derivative of -l**7/2520 + l**6/720 + l**5/30 + 2*l**4/3 - 13*l**2. Let u(n) be the second derivative of b(n). Give u(-3).
-8
Suppose -4*r = -2*s - 2*s - 72, 10 = 2*r. Let w be 4/26 + 106/s. Let l(i) = i**3 + 9*i**2 + 7*i - 11. Calculate l(w).
-3
Let a(n) = n**3 - 11*n**2 + n - 12. Suppose 253 = -8*i + 31*i. Determine a(i).
-1
Let r = -30 + 35. Suppose 0*b - r = b. Let s(g) = -g**2 - 4*g - 4. Calculate s(b).
-9
Suppose 0 = -5*a + 13 + 2. Suppose a*v - 4 = v. Suppose 0 = -y - 2*d + 5 - 0, 0 =